base 8) to base 6
-25010
-1011210 (base 3) to base 12
-5b6
What is 31350 (base 6) in base 13?
1c14
Convert -18169 (base 12) to base 16.
-87e1
-1111110101 (base 2) to base 3
-1101112
What is -19a40 (base 13) in base 10?
-50076
-31332 (base 6) to base 9
-5722
3451 (base 6) to base 12
587
-100323 (base 5) to base 2
-110010001101
-3403 (base 5) to base 16
-1de
Convert 70b (base 12) to base 11.
847
Convert 241 (base 11) to base 10.
287
Convert -711a (base 14) to base 11.
-13662
Convert 264 (base 14) to base 4.
13200
Convert -22241 (base 7) to base 13.
-272c
-361 (base 14) to base 5
-10143
-1544 (base 10) to base 13
-91a
What is 2415 (base 8) in base 9?
1686
What is -23276 (base 8) in base 5?
-304133
What is -12043 (base 5) in base 6?
-4054
9e85 (base 16) to base 13
15618
What is 771 (base 12) in base 15?
4cd
What is -221033 (base 4) in base 8?
-5117
22201 (base 4) to base 12
481
What is -24165 (base 8) in base 16?
-2875
-10001212 (base 3) to base 5
-32422
Convert -34ea (base 16) to base 8.
-32352
21234 (base 7) to base 14
1cc4
Convert -2eb (base 15) to base 9.
-825
Convert 1101101100 (base 2) to base 16.
36c
Convert -1111 (base 2) to base 7.
-21
147b (base 12) to base 4
211133
Convert 40488 (base 9) to base 5.
1323043
Convert 724 (base 11) to base 2.
1101101001
Convert 100101001101100 (base 2) to base 12.
b038
What is -b24 (base 16) in base 3?
-10220122
What is -105362 (base 8) in base 11?
-247a7
-45465 (base 8) to base 7
-110063
What is -1102420 (base 5) in base 13?
-8910
Convert 99 (base 13) to base 7.
240
What is 192 (base 11) in base 6?
1010
Convert -843 (base 13) to base 11.
-106a
What is 30432 (base 9) in base 6?
232432
-24562 (base 9) to base 3
-211122002
-4543 (base 9) to base 7
-12540
What is 19 (base 12) in base 3?
210
What is 10684 (base 13) in base 12?
15217
-110011101 (base 2) to base 15
-1c8
1b10 (base 13) to base 12
2431
What is -5453 (base 7) in base 8?
-3635
What is 22110112 (base 3) in base 16?
181a
What is 6404 (base 8) in base 5?
101312
Convert 32603 (base 8) to base 14.
4dc7
Convert -113333 (base 4) to base 13.
-911
What is 100010001101 (base 2) in base 15?
9ae
Convert -42633 (base 7) to base 6.
-121040
2423 (base 9) to base 11
139a
Convert 322 (base 8) to base 13.
132
1046 (base 7) to base 6
1425
8929 (base 14) to base 15
7088
-310 (base 4) to base 10
-52
-2022022 (base 4) to base 3
-110010111
What is 1022211 (base 3) in base 9?
1284
Convert 162 (base 8) to base 6.
310
-2834 (base 15) to base 14
-31c3
What is -6dc7 (base 14) in base 4?
-10223303
Convert -104234 (base 5) to base 3.
-12001211
-1000101001 (base 2) to base 7
-1420
Convert -10101111 (base 2) to base 13.
-106
1033b (base 13) to base 2
111000110111110
11304 (base 5) to base 12
591
2852 (base 12) to base 13
2183
b84 (base 14) to base 5
33042
What is -6a62 (base 15) in base 7?
-122603
What is 108 (base 9) in base 7?
155
Convert -26a1 (base 13) to base 6.
-41351
What is -11100000101 (base 2) in base 13?
-a83
Convert -2301231 (base 4) to base 16.
-2c6d
What is -6727 (base 10) in base 12?
-3a87
Convert -5324 (base 6) to base 13.
-718
What is 1fb7 (base 16) in base 15?
2614
What is -981 (base 13) in base 5?
-23001
What is -120201 (base 3) in base 8?
-650
What is bd (base 15) in base 9?
217
What is -1026 (base 9) in base 11?
-625
Convert 1133 (base 12) to base 9.
2553
What is 1200002112 (base 3) in base 16?
8069
4526 (base 10) to base 14
1914
-15023 (base 7) to base 16
-1025
What is 10001110110001 (base 2) in base 11?
6957
Convert -7b1 (base 14) to base 5.
-22102
-3495 (base 13) to base 2
-1110011011101
What is -10111010 (base 2) in base 6?
-510
Convert 2466 (base 12) to base 8.
10016
-574 (base 11) to base 15
-30b
What is c69a (base 13) in base 8?
65561
What is 1112122011 (base 3) in base 15?
8ed7
Convert -162 (base 16) to base 14.
-1b4
30131 (base 4) to base 15
382
Convert 21303 (base 6) to base 10.
2919
Convert 112011002 (base 3) to base 10.
10316
Convert 177 (base 16) to base 12.
273
Convert -6b0 (base 12) to base 4.
-33210
What is -225 (base 6) in base 8?
-131
What is 112021 (base 4) in base 5?
21132
-25c9 (base 16) to base 9
-14237
What is -1c5b (base 16) in base 5?
-213014
-6032 (base 8) to base 14
-11b4
Convert 159 (base 15) to base 3.
102110
15103 (base 6) to base 16
96f
Convert -882 (base 13) to base 3.
-2000000
What is 3030202 (base 4) in base 14?
4ab0
Convert 827 (base 9) to base 15.
2ed
3e50 (base 16) to base 15
4ad7
What is 438 (base 13) in base 2?
1011010011
-12104 (base 7) to base 3
-11022022
Convert 3344 (base 5) to base 9.
576
What is -834 (base 10) in base 8?
-1502
What is 11232222 (base 4) in base 5?
1222331
Convert 456 (base 7) to base 12.
179
226 (base 10) to base 15
101
Convert -699 (base 10) to base 7.
-2016
Convert -1101001101000100 (base 2) to base 15.
-11059
2bb (base 14) to base 15
272
What is 38828 (base 11) in base 13?
1c3a7
aa3 (base 12) to base 3
2010220
What is -c135 (base 13) in base 9?
-40410
-9385 (base 15) to base 4
-13213013
What is 12023 (base 5) in base 2?
1101111000
Convert 15251 (base 7) to base 14.
1798
What is 466 (base 15) in base 6?
4340
1101001100 (base 2) to base 5
11334
1242030 (base 5) to base 14
8da0
What is -14141 (base 5) in base 2?
-10010010011
What is -10842 (base 10) in base 13?
-4c20
Convert -5484 (base 10) to base 14.
-1dda
-44b5 (base 12) to base 2
-1110111001001
-1cf (base 16) to base 6
-2051
Convert -111 (base 14) to base 11.
-182
-487 (base 14) to base 9
-1213
Convert 41665 (base 7) to base 6.
115344
What is 131142 (base 6) in base 13?
5588
-110100101 (base 2) to base 14
-221
What is 371 (base 14) in base 10?
687
What is 110001100011 (base 2) in base 14?
1227
Convert 311111 (base 6) to base 13.
b431
190 (base 14) to base 9
387
Convert 1755 (base 9) to base 8.
2502
-11110101010 (base 2) to base 14
-a02
Convert -1141 (base 14) to base 2.
-101110110101
Convert ab5 (base 12) to base 13.
944
Convert 462 (base 9) to base 15.
1a5
757 (base 8) to base 2
111101111
Convert -2103433 (base 5) to base 4.
-20200310
-1000000101 (base 2) to base 6
-2221
Convert 2321 (base 5) to base 11.
286
125102 (base 6) to base 2
10110011011110
What is 2435 (base 7) in base 2?
1110001100
Convert 1110011011 (base 2) to base 11.
76a
806 (base 13) to base 3
1212022
What is -564 (base 9) in base 16?
-1cf
Convert 138a4 (base 14) to base 13.
19020
Convert 2303 (base 8) to base 10.
1219
1134433 (base 6) to base 3
10000102010
-362 (base 13) to base 2
-1001001011
Convert -7411 (base 8) to base 10.
-3849
Convert 13133 (base 4) to base 12.
33b
Convert a5 (base 16) to base 15.
b0
1b07 (base 13) to base 2
111111011111
What is -103441 (base 7) in base 12?
-a551
What is 3353 (base 15) in base 4?
2221332
What is 9e2 (base 15) in base 7?
6344
What is -63b (base 13) in base 11?
-888
Convert 3330032 (base 4) to base 15.
4bb2
What is 1121121 (base 3) in base 11?
980
What is 3331032 (base 4) in base 10?
16206
What is 5057 (base 8) in base 10?
2607
What is -4c4 (base 13) in base 5?
-11321
1001100 (base 2) to base 11
6a
-266c (base 15) to base 11
-6187
Convert -16c33 (base 13) to base 6.
-534501
Convert 1507 (base 14) to base 9.
5105
1011000011101010 (base 2) to base 10
45290
What is 16b3 (base 14) in base 2?
111111101101
What is -2324 (base 5) in base 6?
-1323
Convert 113020 (base 4) to base 5.
21410
Convert -2000122011 (base 3) to base 13.
-1518a
-10412 (base 6) to base 4
-112220
Convert 660 (base 8) to base 2.
110110000
11243 (base 5) to base 16
337
Convert fa (base 16) to base 2.
11111010
What is 24141 (base 8) in base 5?
312322
Convert 224 (base 9) to base 8.
270
Convert -121623 (base 7) to base 3.
-1010112120
-13545 (base 15) to base 10
-61940
29803 (base 10) to base 14
ac0b
What is -129 (base 14) in base 2?
-11101001
What is 68a4 (base 12) in base 9?
16867
What is 1423 (base 10) in base 6?
10331
-127a (base 16) to base 4
-1021322
What is 254d (base 15) in base 12?
4724
-4112 (base 5) to base 16
-214
-4000 (base 5) to base 9
-615
Convert -12015 (base 8) to base 12.
-2b79
Convert -21003 (base 4) to base 3.
-210110
What is -451 (base 6) in base 15?
-ba
What is -168 (base 15) in base 5?
-2243
Convert -4660 (base 10) to base 12.
-2844
What is -1457a (base 11) in base 5?
-1130112
Convert -1857 (base 11) to base 13.
-10c8
Convert -2625 (base 9) to base 4.
-132